rime factors of c?
2, 7
Let a = -6 - -11. Suppose 15 - 5 = 2*z - 4*y, -y + 14 = a*z. Suppose 5*q = z*q + 22. What are the prime factors of q?
11
What are the prime factors of (-1 + 0 - 2) + (45 - -10)?
2, 13
Suppose 2*a = -2*a + 92. List the prime factors of a.
23
Let o = -516 - -744. List the prime factors of o.
2, 3, 19
Let l be (2*-1)/(2/2). Let w be 3*(-1)/(-3) + l. List the prime factors of (-1)/w - -13 - 1.
13
Let h(r) = r**3 + 7*r**2 + 7*r. Let w be h(-5). Suppose 4*q + 3*t - 2 = w, 2*q - 41 = 5*t. List the prime factors of q.
2
Let t(c) = 3*c + 7. Let g(r) = 4*r + 8. Let q(x) = -4*g(x) + 5*t(x). Let h be q(0). Suppose h*p + 1 = 13. List the prime factors of p.
2
What are the prime factors of 261/15 - 6/15?
17
List the prime factors of (-1)/((-1)/23 + 0).
23
Let g(m) = m**2 + 7*m - 4. Suppose -2*v - u = 18, -52 = 5*v - u - 0*u. List the prime factors of g(v).
2, 13
Suppose s = 6*a - a + 54, -4*s - 3*a = -101. List the prime factors of s.
29
Let c(k) = 46*k**2 + 3*k + 11. What are the prime factors of c(-2)?
3, 7
Suppose 2*n - 145 = -3*n. What are the prime factors of n?
29
Let x = -1 - -60. List the prime factors of x.
59
Let g(v) = v**3 - 8*v + 32. What are the prime factors of g(4)?
2
Suppose -h = -3*h + d + 2, -3*d = h - 1. Let o = h - -1. Suppose -t + 5*q = -14, t - o*t + 10 = -q. List the prime factors of t.
3
What are the prime factors of 894/15 - ((-12)/15)/2?
2, 3, 5
Let j = 3 + -2. What are the prime factors of j/2*(2 + 8)?
5
Suppose 5*t - 3*l - 75 = 2*l, 0 = -5*l - 5. What are the prime factors of (12 + -7)/(2/t)?
5, 7
Suppose 8*u - 117 = 5*u. Let s = u + -19. What are the prime factors of s?
2, 5
Let h(j) be the first derivative of j**5/60 - 5*j**4/24 + 7*j**3/6 - j**2/2 - 1. Let b(d) be the second derivative of h(d). What are the prime factors of b(6)?
13
Let f(y) = y**2 + 6*y - 9. Let a be f(-7). Let c(j) = 4*j + j**2 - j**3 - j**3 + 2 + j**2. List the prime factors of c(a).
2, 3
What are the prime factors of ((-51)/6)/(1/(-2))?
17
Suppose -5*m - 5*v - 12 + 212 = 0, 5*m - 3*v = 240. What are the prime factors of m?
3, 5
Let p(m) = 10*m**3 - m. Let k be p(1). Suppose -5*c = 3*v - 15, 4*v + 0*v = 3*c - k. What are the prime factors of c?
3
Suppose -4*r + 1 = 9. Let m be (-54)/(-10) - r/(-5). Let i = 11 - m. What are the prime factors of i?
2, 3
Suppose 4*s - 4*j = 1268, -2*s + 2*j - 4*j + 646 = 0. List the prime factors of s.
2, 5
Let m = -16 - -28. Suppose 3*v + 3*a = 6, -4 - 1 = -2*v - 3*a. Suppose v = y - m. List the prime factors of y.
13
Let n(m) = 2*m - 1. Let s(l) = 1. Let q(b) = b**3 - 8*b**2 + 7*b - 4. Let g be q(7). Let u(v) = g*s(v) - n(v). What are the prime factors of u(-3)?
3
What are the prime factors of 2/(-3) - (-742)/6?
3, 41
Suppose -5*d = -182 - 58. List the prime factors of d.
2, 3
Let r be 2 + (-2 - -1)*0. What are the prime factors of (-40 + 1)/(-3) - r?
11
Suppose 0 = -r - 2*b + 15 + 32, 2*r = -b + 88. Suppose z - r = -2*x, -4*x + 66 = -x + 2*z. What are the prime factors of x?
2, 5
Suppose 0 = -5*o + 45 + 65. What are the prime factors of o?
2, 11
Suppose k - 135 = 2*t + 21, 5*k = t + 798. What are the prime factors of k?
2, 5
Let n(x) = -5*x**3 - 5*x**2 - 6*x - 7. What are the prime factors of n(-3)?
101
Let l(i) = 6*i**2 + 2*i. Let k be l(2). Suppose v - 3*v = -k. List the prime factors of v.
2, 7
Suppose 20 = -3*a - 2*a. Let h be ((-17)/a)/((-1)/4). Let m = -10 - h. List the prime factors of m.
7
Let v(d) be the second derivative of 3*d**5/5 - d**4/12 + d**3/3 - d**2/2 - d. List the prime factors of v(1).
2, 3
Let x = -130 + 226. What are the prime factors of x?
2, 3
Suppose 5*m - 5*c = 285, -3*m - 5*c + 29 = -110. List the prime factors of m.
53
Let d = 58 - 40. Suppose d*z = 14*z + 60. List the prime factors of z.
3, 5
Suppose 5*o - 286 = -2*j + 4*o, j - 5*o - 143 = 0. What are the prime factors of j?
11, 13
Suppose -2*j + 77 = -5*h, -3*j - 2*j = -5. Let y = h + 21. Suppose -24 = -y*t + 2*t. List the prime factors of t.
2, 3
Let w be 3 - (-1 - (1 + -1)). Suppose -k = 4*k, w*c = 5*k + 152. What are the prime factors of c?
2, 19
Suppose -173*k = -172*k - 205. List the prime factors of k.
5, 41
Let v = -53 - -92. List the prime factors of v.
3, 13
Let t(i) = 2*i**3 + 18*i**2 + 15*i + 13. What are the prime factors of t(-7)?
2, 13
Let b(m) = m - 5. Let q be b(7). Suppose q*g + 35 = 7*g. Suppose 3*l - 3*s - g = 5*l, -2 = 2*l + 2*s. What are the prime factors of l?
2
Let v(z) = 3*z**2 - z + 1. Suppose -4 = -o - 3*o. Let y be v(o). Suppose 0 = q + y*p - 18, 0*p = 3*q + 2*p - 19. List the prime factors of q.
3
Let q(y) be the third derivative of y**7/5040 + y**6/48 - y**5/60 - y**2. Let n(o) be the third derivative of q(o). List the prime factors of n(-7).
2
List the prime factors of (148/6)/(((-6)/(-9))/2).
2, 37
Suppose 40*p - 34*p = 804. What are the prime factors of p?
2, 67
Let l = -1 - -27. Suppose k + l = -0*k. What are the prime factors of (k/3)/(2/(-3))?
13
Let g = -48 - -138. List the prime factors of g.
2, 3, 5
Let l be (8/6)/(6/9). Suppose l*f - 18 = 5*x, 0 = 3*f - x + 3*x - 8. List the prime factors of (-6)/f*(-60)/18.
5
Let j(o) = -o - 13. Let t be j(-13). Suppose 0*d - 4*d + 12 = t, 0 = 5*h + d + 37. What are the prime factors of (h/20)/(3/(-135))?
2, 3
Suppose -l + 4*l = 0. Suppose 0 = 3*j - 8*j + 60. Suppose -w + 2*w - 16 = 3*s, 4*s + j = l. List the prime factors of w.
7
Suppose 7*k - 2042 = 982. What are the prime factors of k?
2, 3
What are the prime factors of (1/3*0 - 2) + 174?
2, 43
Let b(y) = y - 2. Let u be b(2). Suppose 5*v + 20 = u, 7*v = -3*x + 2*v - 56. Let c = x + 17. What are the prime factors of c?
5
Let a(j) = j**3 + 5*j**2 - 3*j. Let q be a(-5). Suppose -3*w - 4*t = -q, -t + 0*t + 2 = -w. Suppose -3*b + 5 = -w. List the prime factors of b.
2
Let r(v) = -v**3 - 6*v**2 + 8. List the prime factors of r(-6).
2
Suppose 0*u + 10 = -5*u. Let c be 3/(3/u) + -52. List the prime factors of (-3)/4 - c/8.
2, 3
Suppose 0 = -3*a - 198 + 63. List the prime factors of (2/(-3))/(6/a).
5
Let x = -78 + 133. Suppose p - 13 = -y - y, -4*p - 5*y + x = 0. What are the prime factors of p?
3, 5
Suppose 5*n + b - 2 = 0, 0 = -0*n + 5*n - 4*b - 17. Let s be 1 + 1 - (n + -1). Suppose m - s - 1 = 0. List the prime factors of m.
3
Let n(g) be the third derivative of -2*g**6/3 - g**5/60 + g**4/24 - g**3/6 + 4*g**2. Let a be n(1). List the prime factors of a/(-15) + 2/(-5).
5
Let h(s) = s**2 - 4*s - 11. Suppose -9*i + 6*i + 27 = 0. List the prime factors of h(i).
2, 17
Let z(n) = -4*n - 9. What are the prime factors of z(-13)?
43
Let b be (-10)/(-3) - 1/3. Suppose -15 = -o - b*j, -2*o - 5*j + 21 = -o. What are the prime factors of o?
2, 3
Suppose -4*q + x = 102, -4 - 106 = 4*q - 5*x. Let i be q/(-10)*(3 - 1). Suppose 2*o - 18 = -5*d, -2*o = o - i*d - 27. What are the prime factors of o?
3
Let p(v) = -v**3 + 6*v**2 + 6. Let z be (4/6)/((-5)/(-45)). List the prime factors of p(z).
2, 3
Suppose -4*q = b + 4, 5*q + 2*b = b - 6. List the prime factors of (1 - q)*12/18.
2
Let m(h) = -h**2 - 5*h - 6. Let g be m(-5). List the prime factors of (-170)/(-6) + 2/g.
2, 7
Let u(r) = -4*r - 8. Let h be u(-6). Let z = h + -4. What are the prime factors of z?
2, 3
Suppose -2*c + 40 = -7*c. Let u = 21 + -7. Let k = u + c. What are the prime factors of k?
2, 3
Suppose -5 = -2*i + 51. Let x(a) = -a**3 - 3*a**2 + 3*a + 6. Let q be x(-5). Let m = q - i. What are the prime factors of m?
13
Let c(l) = l**3 + 10*l**2 + 12*l + 3. Let q be c(-8). Suppose -f - 4*f + 5*m + q = 0, f = -5*m + 7. What are the prime factors of f?
7
Let i be (-42)/(-4)*(-28)/(-21). Let d be 9/36 - i/(-8). Suppose 3*t + d = 44. List the prime factors of t.
2, 7
Let o = -34 + 14. Let b = o + 30. What are the prime factors of b?
2, 5
Let t be 6/(-3) - (-24)/(-3). Let m be 2*t/4*-1. List the prime factors of 10*1 - (3 - m).
2, 3
Let m(v) = v**2 + 3*v + 2. Let p = 14 + -7. Let j be (-76)/28 - 2/p. List the prime factors of m(j).
2
Let z = -22 - -37. What are the prime factors of z?
3, 5
Let c(z) = z**3 + 4*z**2 + 2*z - 1. List the prime factors of c(-3).
2
Let u(b) = b**3 + 2*b**2 + b - 2. Let p be u(-2). What are the prime factors of (6/p)/((-9)/24)?
2
Suppose 3*j - 168 = -5*g + 94, -5*g + 356 = 4*j. List the prime factors of j.
2, 47
Suppose 0 = -6*n 